{"id":373,"date":"2024-03-28T22:28:00","date_gmt":"2024-03-28T21:28:00","guid":{"rendered":"https:\/\/cecilegodart.fr\/?page_id=373"},"modified":"2025-08-01T16:20:43","modified_gmt":"2025-08-01T14:20:43","slug":"contes-et-balades-contees","status":"publish","type":"page","link":"https:\/\/cecilegodart.fr\/index.php\/contes-et-balades-contees\/","title":{"rendered":"Contes et balades cont\u00e9es"},"content":{"rendered":"\n<p>Toutes les s\u00e9ances de contes et les balades cont\u00e9es propos\u00e9es sont enrichies de musique et de chansons.<\/p>\n\n\n\n<p>Des th\u00e8mes peuvent \u00eatre travaill\u00e9s \u00e0 la demande.<\/p>\n\n\n\n<p>Les s\u00e9ances se font en contexte scolaire, en m\u00e9diath\u00e8que, en ext\u00e9rieur, sous forme de balades cont\u00e9es etc&#8230; <\/p>\n\n\n\n<p>Grande capacit\u00e9 d&rsquo;adaptation au lieu et au public.<\/p>\n\n\n\n<p>Distribution :<em> <a href=\"https:\/\/cecilegodart.fr\/index.php\/cecile-godart\/\">C\u00e9cile Godart<\/a> (conte et musique<\/em>)<\/p>\n\n\n\n<p><\/p>\n\n\n\n<p>_________________ <strong><em>S\u00e9ances  existantes :<\/em><\/strong> ________________________________________<\/p>\n\n\n\n<p><strong><em>Moi, quand je me r\u00e9veille&#8230;<\/em><\/strong> (pour les tous petits, d\u00e8s 6 mois)<\/p>\n\n\n\n<p><em>Que se passe-t-il au tout d\u00e9but du matin ?<\/em> <\/p>\n\n\n\n<p>Contes, comptines et chansons, pour bien commencer la journ\u00e9e !<\/p>\n\n\n\n<p><\/p>\n\n\n\n<p><strong><em>Le petit coissou<\/em><\/strong> (\u00e0 partir de 3 ans)<\/p>\n\n\n\n<p><em>Quand un jour, trois fr\u00e8res, sp\u00e9cialis\u00e9s en b\u00eatises, d\u00e9cident de faire l&rsquo;\u00e9cole buissonni\u00e8re, c&rsquo;est le d\u00e9but d&rsquo;une grande AVENTURE !<\/em><\/p>\n\n\n\n<p><\/p>\n\n\n\n<p><em><strong>Dans la for\u00eat <\/strong><\/em> (\u00e0 partir de 3 ans)<\/p>\n\n\n\n<p><em>Est-ce le vent qui se faufile entre les arbres,<\/em> <em>ou une paire d&rsquo;yeux entre deux feuilles, qui te regarde ?<\/em> <em>Est-ce une brindille qui vient de craquer sous ta chaussure<\/em> <em>ou le cri de chasse de quelques \u00e9tranges cr\u00e9atures ?<\/em><\/p>\n\n\n\n<p><em>Myst\u00e9rieuse, gourmande, f\u00e9\u00e9rique, habit\u00e9e,<\/em> <em>la for\u00eat se raconte&#8230; Sauras-tu l&rsquo;\u00e9couter ?<\/em><\/p>\n\n\n\n<figure class=\"wp-block-image size-large\"><img loading=\"lazy\" decoding=\"async\" width=\"1024\" height=\"768\" src=\"http:\/\/cecilegodart.fr\/wp-content\/uploads\/2024\/04\/P1030220-1024x768.jpg\" alt=\"\" class=\"wp-image-733\" srcset=\"https:\/\/cecilegodart.fr\/wp-content\/uploads\/2024\/04\/P1030220-1024x768.jpg 1024w, https:\/\/cecilegodart.fr\/wp-content\/uploads\/2024\/04\/P1030220-300x225.jpg 300w, https:\/\/cecilegodart.fr\/wp-content\/uploads\/2024\/04\/P1030220-768x576.jpg 768w, https:\/\/cecilegodart.fr\/wp-content\/uploads\/2024\/04\/P1030220-1536x1152.jpg 1536w, https:\/\/cecilegodart.fr\/wp-content\/uploads\/2024\/04\/P1030220-2048x1536.jpg 2048w\" sizes=\"auto, (max-width: 1024px) 100vw, 1024px\" \/><\/figure>\n\n\n\n<p><\/p>\n\n\n\n<p><\/p>\n\n\n\n<p><\/p>\n\n\n\n<p><\/p>\n\n\n\n<p><\/p>\n\n\n\n<p><\/p>\n\n\n\n<p><\/p>\n","protected":false},"excerpt":{"rendered":"<p>Toutes les s\u00e9ances de contes et les balades cont\u00e9es propos\u00e9es sont enrichies de musique et de chansons. Des th\u00e8mes peuvent \u00eatre travaill\u00e9s \u00e0 la demande. Les s\u00e9ances se font en contexte scolaire, en m\u00e9diath\u00e8que, en ext\u00e9rieur, sous forme de balades cont\u00e9es etc&#8230; Grande capacit\u00e9 d&rsquo;adaptation au lieu et au public. Distribution : C\u00e9cile Godart (conte [&hellip;]<\/p>\n","protected":false},"author":1,"featured_media":0,"parent":0,"menu_order":4,"comment_status":"closed","ping_status":"closed","template":"","meta":{"footnotes":""},"class_list":["post-373","page","type-page","status-publish","hentry"],"_links":{"self":[{"href":"https:\/\/cecilegodart.fr\/index.php\/wp-json\/wp\/v2\/pages\/373","targetHints":{"allow":["GET"]}}],"collection":[{"href":"https:\/\/cecilegodart.fr\/index.php\/wp-json\/wp\/v2\/pages"}],"about":[{"href":"https:\/\/cecilegodart.fr\/index.php\/wp-json\/wp\/v2\/types\/page"}],"author":[{"embeddable":true,"href":"https:\/\/cecilegodart.fr\/index.php\/wp-json\/wp\/v2\/users\/1"}],"replies":[{"embeddable":true,"href":"https:\/\/cecilegodart.fr\/index.php\/wp-json\/wp\/v2\/comments?post=373"}],"version-history":[{"count":44,"href":"https:\/\/cecilegodart.fr\/index.php\/wp-json\/wp\/v2\/pages\/373\/revisions"}],"predecessor-version":[{"id":1327,"href":"https:\/\/cecilegodart.fr\/index.php\/wp-json\/wp\/v2\/pages\/373\/revisions\/1327"}],"wp:attachment":[{"href":"https:\/\/cecilegodart.fr\/index.php\/wp-json\/wp\/v2\/media?parent=373"}],"curies":[{"name":"wp","href":"https:\/\/api.w.org\/{rel}","templated":true}]}}